{"id":28,"date":"2021-09-27T21:00:08","date_gmt":"2021-09-27T19:00:08","guid":{"rendered":"https:\/\/www.veterinazavodsky.sk\/?page_id=28"},"modified":"2023-04-29T15:57:48","modified_gmt":"2023-04-29T13:57:48","slug":"kontakt","status":"publish","type":"page","link":"https:\/\/www.veterinazavodsky.sk\/?page_id=28","title":{"rendered":"Kontakt"},"content":{"rendered":"\n<p><\/p>\n\n\n\n<p><strong>AKO SA K N\u00c1M DOSTANETE?<\/strong><\/p>\n\n\n\n<p>Autom po Podunajskej ulici, ved\u013ea sa nach\u00e1dza re\u0161taur\u00e1cia Pizza Mizza. Od cesty si m\u00f4\u017eete v\u0161imn\u00fa\u0165 ve\u010dierku a \u017elt\u00e9 smerov\u00e9 tabule. Zaparkova\u0165 m\u00f4\u017eete na vyhraden\u00fdch parkovac\u00edch miestach 103, 114, 116.<\/p>\n\n\n\n<p>Autobusov\u00e1 doprava: Linky 71 (201), 72 (202), 75 zo zast\u00e1vky Priekopn\u00edcka a n\u00e1sledne 5 min\u00fatov\u00e1 trasa po Geologickej alebo Podunajskej ulici.<\/p>\n\n\n\n<p>Prech\u00e1dzkou po cyklotrase popri Malom Dunaji od Vrak\u00fanskeho les\u00edka.<\/p>\n\n\n\n<figure class=\"wp-block-image size-large is-resized is-style-default\"><img loading=\"lazy\" src=\"https:\/\/www.veterinazavodsky.sk\/wp-content\/uploads\/2021\/10\/2021-10-06-2-1-1024x590.jpg\" alt=\"\" class=\"wp-image-167\" width=\"989\" height=\"569\" srcset=\"https:\/\/www.veterinazavodsky.sk\/wp-content\/uploads\/2021\/10\/2021-10-06-2-1-1024x590.jpg 1024w, https:\/\/www.veterinazavodsky.sk\/wp-content\/uploads\/2021\/10\/2021-10-06-2-1-300x173.jpg 300w, https:\/\/www.veterinazavodsky.sk\/wp-content\/uploads\/2021\/10\/2021-10-06-2-1-768x442.jpg 768w, https:\/\/www.veterinazavodsky.sk\/wp-content\/uploads\/2021\/10\/2021-10-06-2-1.jpg 1228w\" sizes=\"(max-width: 989px) 100vw, 989px\" \/><\/figure>\n","protected":false},"excerpt":{"rendered":"<p>AKO SA K N\u00c1M DOSTANETE? Autom po Podunajskej ulici, ved\u013ea sa nach\u00e1dza re\u0161taur\u00e1cia Pizza Mizza. Od cesty si m\u00f4\u017eete v\u0161imn\u00fa\u0165 ve\u010dierku a \u017elt\u00e9 smerov\u00e9 tabule. Zaparkova\u0165 m\u00f4\u017eete na vyhraden\u00fdch parkovac\u00edch miestach 103, 114, 116. Autobusov\u00e1 doprava: Linky 71 (201), 72 (202), 75 zo zast\u00e1vky Priekopn\u00edcka a n\u00e1sledne 5 min\u00fatov\u00e1 trasa po Geologickej alebo Podunajskej ulici. [&hellip;]<\/p>\n","protected":false},"author":1,"featured_media":0,"parent":0,"menu_order":0,"comment_status":"closed","ping_status":"closed","template":"","meta":{"_monsterinsights_skip_tracking":false,"_monsterinsights_sitenote_active":false,"_monsterinsights_sitenote_note":"","_monsterinsights_sitenote_category":0},"yoast_head":"<!-- This site is optimized with the Yoast SEO plugin v17.1 - https:\/\/yoast.com\/wordpress\/plugins\/seo\/ -->\n<title>Kontakt - Veterina Z\u00e1vodsk\u00fd<\/title>\n<meta name=\"robots\" content=\"index, follow, max-snippet:-1, max-image-preview:large, max-video-preview:-1\" \/>\n<link rel=\"canonical\" href=\"https:\/\/www.veterinazavodsky.sk\/?page_id=28\" \/>\n<meta property=\"og:locale\" content=\"sk_SK\" \/>\n<meta property=\"og:type\" content=\"article\" \/>\n<meta property=\"og:title\" content=\"Kontakt - Veterina Z\u00e1vodsk\u00fd\" \/>\n<meta property=\"og:description\" content=\"AKO SA K N\u00c1M DOSTANETE? Autom po Podunajskej ulici, ved\u013ea sa nach\u00e1dza re\u0161taur\u00e1cia Pizza Mizza. Od cesty si m\u00f4\u017eete v\u0161imn\u00fa\u0165 ve\u010dierku a \u017elt\u00e9 smerov\u00e9 tabule. Zaparkova\u0165 m\u00f4\u017eete na vyhraden\u00fdch parkovac\u00edch miestach 103, 114, 116. Autobusov\u00e1 doprava: Linky 71 (201), 72 (202), 75 zo zast\u00e1vky Priekopn\u00edcka a n\u00e1sledne 5 min\u00fatov\u00e1 trasa po Geologickej alebo Podunajskej ulici. [&hellip;]\" \/>\n<meta property=\"og:url\" content=\"https:\/\/www.veterinazavodsky.sk\/?page_id=28\" \/>\n<meta property=\"og:site_name\" content=\"Veterina Z\u00e1vodsk\u00fd\" \/>\n<meta property=\"article:modified_time\" content=\"2023-04-29T13:57:48+00:00\" \/>\n<meta property=\"og:image\" content=\"https:\/\/www.veterinazavodsky.sk\/wp-content\/uploads\/2021\/10\/2021-10-06-2-1-1024x590.jpg\" \/>\n<meta name=\"twitter:card\" content=\"summary_large_image\" \/>\n<meta name=\"twitter:label1\" content=\"Predpokladan\u00fd \u010das \u010d\u00edtania\" \/>\n\t<meta name=\"twitter:data1\" content=\"1 min\u00fata\" \/>\n<script type=\"application\/ld+json\" class=\"yoast-schema-graph\">{\"@context\":\"https:\/\/schema.org\",\"@graph\":[{\"@type\":\"WebSite\",\"@id\":\"https:\/\/www.veterinazavodsky.sk\/#website\",\"url\":\"https:\/\/www.veterinazavodsky.sk\/\",\"name\":\"Veterina Z\\u00e1vodsk\\u00fd\",\"description\":\"\",\"potentialAction\":[{\"@type\":\"SearchAction\",\"target\":{\"@type\":\"EntryPoint\",\"urlTemplate\":\"https:\/\/www.veterinazavodsky.sk\/?s={search_term_string}\"},\"query-input\":\"required name=search_term_string\"}],\"inLanguage\":\"sk-SK\"},{\"@type\":\"ImageObject\",\"@id\":\"https:\/\/www.veterinazavodsky.sk\/?page_id=28#primaryimage\",\"inLanguage\":\"sk-SK\",\"url\":\"https:\/\/www.veterinazavodsky.sk\/wp-content\/uploads\/2021\/10\/2021-10-06-2-1.jpg\",\"contentUrl\":\"https:\/\/www.veterinazavodsky.sk\/wp-content\/uploads\/2021\/10\/2021-10-06-2-1.jpg\",\"width\":1228,\"height\":707},{\"@type\":\"WebPage\",\"@id\":\"https:\/\/www.veterinazavodsky.sk\/?page_id=28#webpage\",\"url\":\"https:\/\/www.veterinazavodsky.sk\/?page_id=28\",\"name\":\"Kontakt - Veterina Z\\u00e1vodsk\\u00fd\",\"isPartOf\":{\"@id\":\"https:\/\/www.veterinazavodsky.sk\/#website\"},\"primaryImageOfPage\":{\"@id\":\"https:\/\/www.veterinazavodsky.sk\/?page_id=28#primaryimage\"},\"datePublished\":\"2021-09-27T19:00:08+00:00\",\"dateModified\":\"2023-04-29T13:57:48+00:00\",\"breadcrumb\":{\"@id\":\"https:\/\/www.veterinazavodsky.sk\/?page_id=28#breadcrumb\"},\"inLanguage\":\"sk-SK\",\"potentialAction\":[{\"@type\":\"ReadAction\",\"target\":[\"https:\/\/www.veterinazavodsky.sk\/?page_id=28\"]}]},{\"@type\":\"BreadcrumbList\",\"@id\":\"https:\/\/www.veterinazavodsky.sk\/?page_id=28#breadcrumb\",\"itemListElement\":[{\"@type\":\"ListItem\",\"position\":1,\"name\":\"Home\",\"item\":\"https:\/\/www.veterinazavodsky.sk\/\"},{\"@type\":\"ListItem\",\"position\":2,\"name\":\"Kontakt\"}]}]}<\/script>\n<!-- \/ Yoast SEO plugin. -->","yoast_head_json":{"title":"Kontakt - Veterina Z\u00e1vodsk\u00fd","robots":{"index":"index","follow":"follow","max-snippet":"max-snippet:-1","max-image-preview":"max-image-preview:large","max-video-preview":"max-video-preview:-1"},"canonical":"https:\/\/www.veterinazavodsky.sk\/?page_id=28","og_locale":"sk_SK","og_type":"article","og_title":"Kontakt - Veterina Z\u00e1vodsk\u00fd","og_description":"AKO SA K N\u00c1M DOSTANETE? Autom po Podunajskej ulici, ved\u013ea sa nach\u00e1dza re\u0161taur\u00e1cia Pizza Mizza. Od cesty si m\u00f4\u017eete v\u0161imn\u00fa\u0165 ve\u010dierku a \u017elt\u00e9 smerov\u00e9 tabule. Zaparkova\u0165 m\u00f4\u017eete na vyhraden\u00fdch parkovac\u00edch miestach 103, 114, 116. Autobusov\u00e1 doprava: Linky 71 (201), 72 (202), 75 zo zast\u00e1vky Priekopn\u00edcka a n\u00e1sledne 5 min\u00fatov\u00e1 trasa po Geologickej alebo Podunajskej ulici. [&hellip;]","og_url":"https:\/\/www.veterinazavodsky.sk\/?page_id=28","og_site_name":"Veterina Z\u00e1vodsk\u00fd","article_modified_time":"2023-04-29T13:57:48+00:00","og_image":[{"url":"https:\/\/www.veterinazavodsky.sk\/wp-content\/uploads\/2021\/10\/2021-10-06-2-1-1024x590.jpg"}],"twitter_card":"summary_large_image","twitter_misc":{"Predpokladan\u00fd \u010das \u010d\u00edtania":"1 min\u00fata"},"schema":{"@context":"https:\/\/schema.org","@graph":[{"@type":"WebSite","@id":"https:\/\/www.veterinazavodsky.sk\/#website","url":"https:\/\/www.veterinazavodsky.sk\/","name":"Veterina Z\u00e1vodsk\u00fd","description":"","potentialAction":[{"@type":"SearchAction","target":{"@type":"EntryPoint","urlTemplate":"https:\/\/www.veterinazavodsky.sk\/?s={search_term_string}"},"query-input":"required name=search_term_string"}],"inLanguage":"sk-SK"},{"@type":"ImageObject","@id":"https:\/\/www.veterinazavodsky.sk\/?page_id=28#primaryimage","inLanguage":"sk-SK","url":"https:\/\/www.veterinazavodsky.sk\/wp-content\/uploads\/2021\/10\/2021-10-06-2-1.jpg","contentUrl":"https:\/\/www.veterinazavodsky.sk\/wp-content\/uploads\/2021\/10\/2021-10-06-2-1.jpg","width":1228,"height":707},{"@type":"WebPage","@id":"https:\/\/www.veterinazavodsky.sk\/?page_id=28#webpage","url":"https:\/\/www.veterinazavodsky.sk\/?page_id=28","name":"Kontakt - Veterina Z\u00e1vodsk\u00fd","isPartOf":{"@id":"https:\/\/www.veterinazavodsky.sk\/#website"},"primaryImageOfPage":{"@id":"https:\/\/www.veterinazavodsky.sk\/?page_id=28#primaryimage"},"datePublished":"2021-09-27T19:00:08+00:00","dateModified":"2023-04-29T13:57:48+00:00","breadcrumb":{"@id":"https:\/\/www.veterinazavodsky.sk\/?page_id=28#breadcrumb"},"inLanguage":"sk-SK","potentialAction":[{"@type":"ReadAction","target":["https:\/\/www.veterinazavodsky.sk\/?page_id=28"]}]},{"@type":"BreadcrumbList","@id":"https:\/\/www.veterinazavodsky.sk\/?page_id=28#breadcrumb","itemListElement":[{"@type":"ListItem","position":1,"name":"Home","item":"https:\/\/www.veterinazavodsky.sk\/"},{"@type":"ListItem","position":2,"name":"Kontakt"}]}]}},"_links":{"self":[{"href":"https:\/\/www.veterinazavodsky.sk\/index.php?rest_route=\/wp\/v2\/pages\/28"}],"collection":[{"href":"https:\/\/www.veterinazavodsky.sk\/index.php?rest_route=\/wp\/v2\/pages"}],"about":[{"href":"https:\/\/www.veterinazavodsky.sk\/index.php?rest_route=\/wp\/v2\/types\/page"}],"author":[{"embeddable":true,"href":"https:\/\/www.veterinazavodsky.sk\/index.php?rest_route=\/wp\/v2\/users\/1"}],"replies":[{"embeddable":true,"href":"https:\/\/www.veterinazavodsky.sk\/index.php?rest_route=%2Fwp%2Fv2%2Fcomments&post=28"}],"version-history":[{"count":6,"href":"https:\/\/www.veterinazavodsky.sk\/index.php?rest_route=\/wp\/v2\/pages\/28\/revisions"}],"predecessor-version":[{"id":372,"href":"https:\/\/www.veterinazavodsky.sk\/index.php?rest_route=\/wp\/v2\/pages\/28\/revisions\/372"}],"wp:attachment":[{"href":"https:\/\/www.veterinazavodsky.sk\/index.php?rest_route=%2Fwp%2Fv2%2Fmedia&parent=28"}],"curies":[{"name":"wp","href":"https:\/\/api.w.org\/{rel}","templated":true}]}}