{"id":26,"date":"2021-09-27T20:59:49","date_gmt":"2021-09-27T18:59:49","guid":{"rendered":"https:\/\/www.veterinazavodsky.sk\/?page_id=26"},"modified":"2021-10-06T17:08:09","modified_gmt":"2021-10-06T15:08:09","slug":"galeria","status":"publish","type":"page","link":"https:\/\/www.veterinazavodsky.sk\/?page_id=26","title":{"rendered":"Gal\u00e9ria"},"content":{"rendered":"\n<figure class=\"wp-block-gallery columns-2 is-cropped\"><ul class=\"blocks-gallery-grid\"><li class=\"blocks-gallery-item\"><figure><img loading=\"lazy\" width=\"768\" height=\"1024\" src=\"https:\/\/www.veterinazavodsky.sk\/wp-content\/uploads\/2021\/10\/IMG_4808-768x1024.jpg\" alt=\"\" data-id=\"223\" data-full-url=\"https:\/\/www.veterinazavodsky.sk\/wp-content\/uploads\/2021\/10\/IMG_4808-scaled.jpg\" data-link=\"https:\/\/www.veterinazavodsky.sk\/?attachment_id=223\" class=\"wp-image-223\" srcset=\"https:\/\/www.veterinazavodsky.sk\/wp-content\/uploads\/2021\/10\/IMG_4808-768x1024.jpg 768w, https:\/\/www.veterinazavodsky.sk\/wp-content\/uploads\/2021\/10\/IMG_4808-225x300.jpg 225w, https:\/\/www.veterinazavodsky.sk\/wp-content\/uploads\/2021\/10\/IMG_4808-1152x1536.jpg 1152w, https:\/\/www.veterinazavodsky.sk\/wp-content\/uploads\/2021\/10\/IMG_4808-1536x2048.jpg 1536w, https:\/\/www.veterinazavodsky.sk\/wp-content\/uploads\/2021\/10\/IMG_4808-scaled.jpg 1920w\" sizes=\"(max-width: 768px) 100vw, 768px\" \/><\/figure><\/li><li class=\"blocks-gallery-item\"><figure><img loading=\"lazy\" width=\"768\" height=\"1024\" src=\"https:\/\/www.veterinazavodsky.sk\/wp-content\/uploads\/2021\/10\/IMG_4200-768x1024.jpg\" alt=\"\" data-id=\"224\" data-full-url=\"https:\/\/www.veterinazavodsky.sk\/wp-content\/uploads\/2021\/10\/IMG_4200-scaled.jpg\" data-link=\"https:\/\/www.veterinazavodsky.sk\/?attachment_id=224\" class=\"wp-image-224\" srcset=\"https:\/\/www.veterinazavodsky.sk\/wp-content\/uploads\/2021\/10\/IMG_4200-768x1024.jpg 768w, https:\/\/www.veterinazavodsky.sk\/wp-content\/uploads\/2021\/10\/IMG_4200-225x300.jpg 225w, https:\/\/www.veterinazavodsky.sk\/wp-content\/uploads\/2021\/10\/IMG_4200-1152x1536.jpg 1152w, https:\/\/www.veterinazavodsky.sk\/wp-content\/uploads\/2021\/10\/IMG_4200-1536x2048.jpg 1536w, https:\/\/www.veterinazavodsky.sk\/wp-content\/uploads\/2021\/10\/IMG_4200-scaled.jpg 1920w\" sizes=\"(max-width: 768px) 100vw, 768px\" \/><\/figure><\/li><li class=\"blocks-gallery-item\"><figure><img loading=\"lazy\" width=\"768\" height=\"1024\" src=\"https:\/\/www.veterinazavodsky.sk\/wp-content\/uploads\/2021\/10\/IMG_3455-768x1024.jpg\" alt=\"\" data-id=\"209\" data-full-url=\"https:\/\/www.veterinazavodsky.sk\/wp-content\/uploads\/2021\/10\/IMG_3455-scaled.jpg\" data-link=\"https:\/\/www.veterinazavodsky.sk\/?attachment_id=209\" class=\"wp-image-209\" srcset=\"https:\/\/www.veterinazavodsky.sk\/wp-content\/uploads\/2021\/10\/IMG_3455-768x1024.jpg 768w, https:\/\/www.veterinazavodsky.sk\/wp-content\/uploads\/2021\/10\/IMG_3455-225x300.jpg 225w, https:\/\/www.veterinazavodsky.sk\/wp-content\/uploads\/2021\/10\/IMG_3455-1152x1536.jpg 1152w, https:\/\/www.veterinazavodsky.sk\/wp-content\/uploads\/2021\/10\/IMG_3455-1536x2048.jpg 1536w, https:\/\/www.veterinazavodsky.sk\/wp-content\/uploads\/2021\/10\/IMG_3455-scaled.jpg 1920w\" sizes=\"(max-width: 768px) 100vw, 768px\" \/><\/figure><\/li><li class=\"blocks-gallery-item\"><figure><img loading=\"lazy\" width=\"768\" height=\"1024\" src=\"https:\/\/www.veterinazavodsky.sk\/wp-content\/uploads\/2021\/10\/IMG_3872-768x1024.jpg\" alt=\"\" data-id=\"206\" data-full-url=\"https:\/\/www.veterinazavodsky.sk\/wp-content\/uploads\/2021\/10\/IMG_3872.jpg\" data-link=\"https:\/\/www.veterinazavodsky.sk\/?attachment_id=206\" class=\"wp-image-206\" srcset=\"https:\/\/www.veterinazavodsky.sk\/wp-content\/uploads\/2021\/10\/IMG_3872-768x1024.jpg 768w, https:\/\/www.veterinazavodsky.sk\/wp-content\/uploads\/2021\/10\/IMG_3872-225x300.jpg 225w, https:\/\/www.veterinazavodsky.sk\/wp-content\/uploads\/2021\/10\/IMG_3872-1152x1536.jpg 1152w, https:\/\/www.veterinazavodsky.sk\/wp-content\/uploads\/2021\/10\/IMG_3872.jpg 1242w\" sizes=\"(max-width: 768px) 100vw, 768px\" \/><\/figure><\/li><li class=\"blocks-gallery-item\"><figure><img loading=\"lazy\" width=\"576\" height=\"1024\" src=\"https:\/\/www.veterinazavodsky.sk\/wp-content\/uploads\/2021\/10\/8A7DCD65-4D7B-4292-A357-531ED40F5A44-576x1024.jpg\" alt=\"\" data-id=\"222\" data-full-url=\"https:\/\/www.veterinazavodsky.sk\/wp-content\/uploads\/2021\/10\/8A7DCD65-4D7B-4292-A357-531ED40F5A44.jpg\" data-link=\"https:\/\/www.veterinazavodsky.sk\/?attachment_id=222\" class=\"wp-image-222\" srcset=\"https:\/\/www.veterinazavodsky.sk\/wp-content\/uploads\/2021\/10\/8A7DCD65-4D7B-4292-A357-531ED40F5A44-576x1024.jpg 576w, https:\/\/www.veterinazavodsky.sk\/wp-content\/uploads\/2021\/10\/8A7DCD65-4D7B-4292-A357-531ED40F5A44-169x300.jpg 169w, https:\/\/www.veterinazavodsky.sk\/wp-content\/uploads\/2021\/10\/8A7DCD65-4D7B-4292-A357-531ED40F5A44-768x1365.jpg 768w, https:\/\/www.veterinazavodsky.sk\/wp-content\/uploads\/2021\/10\/8A7DCD65-4D7B-4292-A357-531ED40F5A44-864x1536.jpg 864w, https:\/\/www.veterinazavodsky.sk\/wp-content\/uploads\/2021\/10\/8A7DCD65-4D7B-4292-A357-531ED40F5A44-1152x2048.jpg 1152w, https:\/\/www.veterinazavodsky.sk\/wp-content\/uploads\/2021\/10\/8A7DCD65-4D7B-4292-A357-531ED40F5A44.jpg 1242w\" sizes=\"(max-width: 576px) 100vw, 576px\" \/><\/figure><\/li><li class=\"blocks-gallery-item\"><figure><img loading=\"lazy\" width=\"768\" height=\"1024\" src=\"https:\/\/www.veterinazavodsky.sk\/wp-content\/uploads\/2021\/10\/IMG_4686-768x1024.jpg\" alt=\"\" data-id=\"221\" data-full-url=\"https:\/\/www.veterinazavodsky.sk\/wp-content\/uploads\/2021\/10\/IMG_4686-scaled.jpg\" data-link=\"https:\/\/www.veterinazavodsky.sk\/?attachment_id=221\" class=\"wp-image-221\" srcset=\"https:\/\/www.veterinazavodsky.sk\/wp-content\/uploads\/2021\/10\/IMG_4686-768x1024.jpg 768w, https:\/\/www.veterinazavodsky.sk\/wp-content\/uploads\/2021\/10\/IMG_4686-225x300.jpg 225w, https:\/\/www.veterinazavodsky.sk\/wp-content\/uploads\/2021\/10\/IMG_4686-1152x1536.jpg 1152w, https:\/\/www.veterinazavodsky.sk\/wp-content\/uploads\/2021\/10\/IMG_4686-1536x2048.jpg 1536w, https:\/\/www.veterinazavodsky.sk\/wp-content\/uploads\/2021\/10\/IMG_4686-scaled.jpg 1920w\" sizes=\"(max-width: 768px) 100vw, 768px\" \/><\/figure><\/li><li class=\"blocks-gallery-item\"><figure><img loading=\"lazy\" width=\"768\" height=\"1024\" src=\"https:\/\/www.veterinazavodsky.sk\/wp-content\/uploads\/2021\/10\/IMG_4684-768x1024.jpg\" alt=\"\" data-id=\"220\" data-full-url=\"https:\/\/www.veterinazavodsky.sk\/wp-content\/uploads\/2021\/10\/IMG_4684-scaled.jpg\" data-link=\"https:\/\/www.veterinazavodsky.sk\/?attachment_id=220\" class=\"wp-image-220\" srcset=\"https:\/\/www.veterinazavodsky.sk\/wp-content\/uploads\/2021\/10\/IMG_4684-768x1024.jpg 768w, https:\/\/www.veterinazavodsky.sk\/wp-content\/uploads\/2021\/10\/IMG_4684-225x300.jpg 225w, https:\/\/www.veterinazavodsky.sk\/wp-content\/uploads\/2021\/10\/IMG_4684-1152x1536.jpg 1152w, https:\/\/www.veterinazavodsky.sk\/wp-content\/uploads\/2021\/10\/IMG_4684-1536x2048.jpg 1536w, https:\/\/www.veterinazavodsky.sk\/wp-content\/uploads\/2021\/10\/IMG_4684-scaled.jpg 1920w\" sizes=\"(max-width: 768px) 100vw, 768px\" \/><\/figure><\/li><li class=\"blocks-gallery-item\"><figure><img loading=\"lazy\" width=\"768\" height=\"1024\" src=\"https:\/\/www.veterinazavodsky.sk\/wp-content\/uploads\/2021\/10\/IMG_4417-768x1024.jpg\" alt=\"\" data-id=\"217\" data-full-url=\"https:\/\/www.veterinazavodsky.sk\/wp-content\/uploads\/2021\/10\/IMG_4417-scaled.jpg\" data-link=\"https:\/\/www.veterinazavodsky.sk\/?attachment_id=217\" class=\"wp-image-217\" srcset=\"https:\/\/www.veterinazavodsky.sk\/wp-content\/uploads\/2021\/10\/IMG_4417-768x1024.jpg 768w, https:\/\/www.veterinazavodsky.sk\/wp-content\/uploads\/2021\/10\/IMG_4417-225x300.jpg 225w, https:\/\/www.veterinazavodsky.sk\/wp-content\/uploads\/2021\/10\/IMG_4417-1152x1536.jpg 1152w, https:\/\/www.veterinazavodsky.sk\/wp-content\/uploads\/2021\/10\/IMG_4417-1536x2048.jpg 1536w, https:\/\/www.veterinazavodsky.sk\/wp-content\/uploads\/2021\/10\/IMG_4417-scaled.jpg 1920w\" sizes=\"(max-width: 768px) 100vw, 768px\" \/><\/figure><\/li><li class=\"blocks-gallery-item\"><figure><img loading=\"lazy\" width=\"768\" height=\"1024\" src=\"https:\/\/www.veterinazavodsky.sk\/wp-content\/uploads\/2021\/10\/IMG_4616-768x1024.jpg\" alt=\"\" data-id=\"219\" data-full-url=\"https:\/\/www.veterinazavodsky.sk\/wp-content\/uploads\/2021\/10\/IMG_4616-scaled.jpg\" data-link=\"https:\/\/www.veterinazavodsky.sk\/?attachment_id=219\" class=\"wp-image-219\" srcset=\"https:\/\/www.veterinazavodsky.sk\/wp-content\/uploads\/2021\/10\/IMG_4616-768x1024.jpg 768w, https:\/\/www.veterinazavodsky.sk\/wp-content\/uploads\/2021\/10\/IMG_4616-225x300.jpg 225w, https:\/\/www.veterinazavodsky.sk\/wp-content\/uploads\/2021\/10\/IMG_4616-1152x1536.jpg 1152w, https:\/\/www.veterinazavodsky.sk\/wp-content\/uploads\/2021\/10\/IMG_4616-1536x2048.jpg 1536w, https:\/\/www.veterinazavodsky.sk\/wp-content\/uploads\/2021\/10\/IMG_4616-scaled.jpg 1920w\" sizes=\"(max-width: 768px) 100vw, 768px\" \/><\/figure><\/li><li class=\"blocks-gallery-item\"><figure><img loading=\"lazy\" width=\"768\" height=\"1024\" src=\"https:\/\/www.veterinazavodsky.sk\/wp-content\/uploads\/2021\/10\/IMG_2054-768x1024.jpg\" alt=\"\" data-id=\"213\" data-full-url=\"https:\/\/www.veterinazavodsky.sk\/wp-content\/uploads\/2021\/10\/IMG_2054-scaled.jpg\" data-link=\"https:\/\/www.veterinazavodsky.sk\/?attachment_id=213\" class=\"wp-image-213\" srcset=\"https:\/\/www.veterinazavodsky.sk\/wp-content\/uploads\/2021\/10\/IMG_2054-768x1024.jpg 768w, https:\/\/www.veterinazavodsky.sk\/wp-content\/uploads\/2021\/10\/IMG_2054-225x300.jpg 225w, https:\/\/www.veterinazavodsky.sk\/wp-content\/uploads\/2021\/10\/IMG_2054-1152x1536.jpg 1152w, https:\/\/www.veterinazavodsky.sk\/wp-content\/uploads\/2021\/10\/IMG_2054-1536x2048.jpg 1536w, https:\/\/www.veterinazavodsky.sk\/wp-content\/uploads\/2021\/10\/IMG_2054-scaled.jpg 1920w\" sizes=\"(max-width: 768px) 100vw, 768px\" \/><\/figure><\/li><li class=\"blocks-gallery-item\"><figure><img loading=\"lazy\" width=\"768\" height=\"1024\" src=\"https:\/\/www.veterinazavodsky.sk\/wp-content\/uploads\/2021\/10\/IMG_4445-768x1024.jpg\" alt=\"\" data-id=\"218\" data-full-url=\"https:\/\/www.veterinazavodsky.sk\/wp-content\/uploads\/2021\/10\/IMG_4445-scaled.jpg\" data-link=\"https:\/\/www.veterinazavodsky.sk\/?attachment_id=218\" class=\"wp-image-218\" srcset=\"https:\/\/www.veterinazavodsky.sk\/wp-content\/uploads\/2021\/10\/IMG_4445-768x1024.jpg 768w, https:\/\/www.veterinazavodsky.sk\/wp-content\/uploads\/2021\/10\/IMG_4445-225x300.jpg 225w, https:\/\/www.veterinazavodsky.sk\/wp-content\/uploads\/2021\/10\/IMG_4445-1152x1536.jpg 1152w, https:\/\/www.veterinazavodsky.sk\/wp-content\/uploads\/2021\/10\/IMG_4445-1536x2048.jpg 1536w, https:\/\/www.veterinazavodsky.sk\/wp-content\/uploads\/2021\/10\/IMG_4445-scaled.jpg 1920w\" sizes=\"(max-width: 768px) 100vw, 768px\" \/><\/figure><\/li><li class=\"blocks-gallery-item\"><figure><img loading=\"lazy\" width=\"768\" height=\"1024\" src=\"https:\/\/www.veterinazavodsky.sk\/wp-content\/uploads\/2021\/10\/IMG_3451-768x1024.jpg\" alt=\"\" data-id=\"210\" data-full-url=\"https:\/\/www.veterinazavodsky.sk\/wp-content\/uploads\/2021\/10\/IMG_3451-scaled.jpg\" data-link=\"https:\/\/www.veterinazavodsky.sk\/?attachment_id=210\" class=\"wp-image-210\" srcset=\"https:\/\/www.veterinazavodsky.sk\/wp-content\/uploads\/2021\/10\/IMG_3451-768x1024.jpg 768w, https:\/\/www.veterinazavodsky.sk\/wp-content\/uploads\/2021\/10\/IMG_3451-225x300.jpg 225w, https:\/\/www.veterinazavodsky.sk\/wp-content\/uploads\/2021\/10\/IMG_3451-1152x1536.jpg 1152w, https:\/\/www.veterinazavodsky.sk\/wp-content\/uploads\/2021\/10\/IMG_3451-1536x2048.jpg 1536w, https:\/\/www.veterinazavodsky.sk\/wp-content\/uploads\/2021\/10\/IMG_3451-scaled.jpg 1920w\" sizes=\"(max-width: 768px) 100vw, 768px\" \/><\/figure><\/li><li class=\"blocks-gallery-item\"><figure><img loading=\"lazy\" width=\"768\" height=\"1024\" src=\"https:\/\/www.veterinazavodsky.sk\/wp-content\/uploads\/2021\/10\/IMG_2888-768x1024.jpg\" alt=\"\" data-id=\"211\" data-full-url=\"https:\/\/www.veterinazavodsky.sk\/wp-content\/uploads\/2021\/10\/IMG_2888-scaled.jpg\" data-link=\"https:\/\/www.veterinazavodsky.sk\/?attachment_id=211\" class=\"wp-image-211\" srcset=\"https:\/\/www.veterinazavodsky.sk\/wp-content\/uploads\/2021\/10\/IMG_2888-768x1024.jpg 768w, https:\/\/www.veterinazavodsky.sk\/wp-content\/uploads\/2021\/10\/IMG_2888-225x300.jpg 225w, https:\/\/www.veterinazavodsky.sk\/wp-content\/uploads\/2021\/10\/IMG_2888-1152x1536.jpg 1152w, https:\/\/www.veterinazavodsky.sk\/wp-content\/uploads\/2021\/10\/IMG_2888-1536x2048.jpg 1536w, https:\/\/www.veterinazavodsky.sk\/wp-content\/uploads\/2021\/10\/IMG_2888-scaled.jpg 1920w\" sizes=\"(max-width: 768px) 100vw, 768px\" \/><\/figure><\/li><li class=\"blocks-gallery-item\"><figure><img loading=\"lazy\" width=\"768\" height=\"1024\" src=\"https:\/\/www.veterinazavodsky.sk\/wp-content\/uploads\/2021\/10\/IMG_2704-768x1024.jpg\" alt=\"\" data-id=\"212\" data-full-url=\"https:\/\/www.veterinazavodsky.sk\/wp-content\/uploads\/2021\/10\/IMG_2704-scaled.jpg\" data-link=\"https:\/\/www.veterinazavodsky.sk\/?attachment_id=212\" class=\"wp-image-212\" srcset=\"https:\/\/www.veterinazavodsky.sk\/wp-content\/uploads\/2021\/10\/IMG_2704-768x1024.jpg 768w, https:\/\/www.veterinazavodsky.sk\/wp-content\/uploads\/2021\/10\/IMG_2704-225x300.jpg 225w, https:\/\/www.veterinazavodsky.sk\/wp-content\/uploads\/2021\/10\/IMG_2704-1152x1536.jpg 1152w, https:\/\/www.veterinazavodsky.sk\/wp-content\/uploads\/2021\/10\/IMG_2704-1536x2048.jpg 1536w, https:\/\/www.veterinazavodsky.sk\/wp-content\/uploads\/2021\/10\/IMG_2704-scaled.jpg 1920w\" sizes=\"(max-width: 768px) 100vw, 768px\" \/><\/figure><\/li><li class=\"blocks-gallery-item\"><figure><img loading=\"lazy\" width=\"768\" height=\"1024\" src=\"https:\/\/www.veterinazavodsky.sk\/wp-content\/uploads\/2021\/10\/IMG_4243-768x1024.jpg\" alt=\"\" data-id=\"215\" data-full-url=\"https:\/\/www.veterinazavodsky.sk\/wp-content\/uploads\/2021\/10\/IMG_4243-scaled.jpg\" data-link=\"https:\/\/www.veterinazavodsky.sk\/?attachment_id=215\" class=\"wp-image-215\" srcset=\"https:\/\/www.veterinazavodsky.sk\/wp-content\/uploads\/2021\/10\/IMG_4243-768x1024.jpg 768w, https:\/\/www.veterinazavodsky.sk\/wp-content\/uploads\/2021\/10\/IMG_4243-225x300.jpg 225w, https:\/\/www.veterinazavodsky.sk\/wp-content\/uploads\/2021\/10\/IMG_4243-1152x1536.jpg 1152w, https:\/\/www.veterinazavodsky.sk\/wp-content\/uploads\/2021\/10\/IMG_4243-1536x2048.jpg 1536w, https:\/\/www.veterinazavodsky.sk\/wp-content\/uploads\/2021\/10\/IMG_4243-scaled.jpg 1920w\" sizes=\"(max-width: 768px) 100vw, 768px\" \/><\/figure><\/li><li class=\"blocks-gallery-item\"><figure><img loading=\"lazy\" width=\"768\" height=\"1024\" src=\"https:\/\/www.veterinazavodsky.sk\/wp-content\/uploads\/2021\/10\/IMG_3650-768x1024.jpg\" alt=\"\" data-id=\"208\" data-full-url=\"https:\/\/www.veterinazavodsky.sk\/wp-content\/uploads\/2021\/10\/IMG_3650-scaled.jpg\" data-link=\"https:\/\/www.veterinazavodsky.sk\/?attachment_id=208\" class=\"wp-image-208\" srcset=\"https:\/\/www.veterinazavodsky.sk\/wp-content\/uploads\/2021\/10\/IMG_3650-768x1024.jpg 768w, https:\/\/www.veterinazavodsky.sk\/wp-content\/uploads\/2021\/10\/IMG_3650-225x300.jpg 225w, https:\/\/www.veterinazavodsky.sk\/wp-content\/uploads\/2021\/10\/IMG_3650-1152x1536.jpg 1152w, https:\/\/www.veterinazavodsky.sk\/wp-content\/uploads\/2021\/10\/IMG_3650-1536x2048.jpg 1536w, https:\/\/www.veterinazavodsky.sk\/wp-content\/uploads\/2021\/10\/IMG_3650-scaled.jpg 1920w\" sizes=\"(max-width: 768px) 100vw, 768px\" \/><\/figure><\/li><li class=\"blocks-gallery-item\"><figure><img loading=\"lazy\" width=\"768\" height=\"1024\" src=\"https:\/\/www.veterinazavodsky.sk\/wp-content\/uploads\/2021\/10\/IMG_4340-768x1024.jpg\" alt=\"\" data-id=\"216\" data-full-url=\"https:\/\/www.veterinazavodsky.sk\/wp-content\/uploads\/2021\/10\/IMG_4340-scaled.jpg\" data-link=\"https:\/\/www.veterinazavodsky.sk\/?attachment_id=216\" class=\"wp-image-216\" srcset=\"https:\/\/www.veterinazavodsky.sk\/wp-content\/uploads\/2021\/10\/IMG_4340-768x1024.jpg 768w, https:\/\/www.veterinazavodsky.sk\/wp-content\/uploads\/2021\/10\/IMG_4340-225x300.jpg 225w, https:\/\/www.veterinazavodsky.sk\/wp-content\/uploads\/2021\/10\/IMG_4340-1152x1536.jpg 1152w, https:\/\/www.veterinazavodsky.sk\/wp-content\/uploads\/2021\/10\/IMG_4340-1536x2048.jpg 1536w, https:\/\/www.veterinazavodsky.sk\/wp-content\/uploads\/2021\/10\/IMG_4340-scaled.jpg 1920w\" sizes=\"(max-width: 768px) 100vw, 768px\" \/><\/figure><\/li><li class=\"blocks-gallery-item\"><figure><img loading=\"lazy\" width=\"768\" height=\"1024\" src=\"https:\/\/www.veterinazavodsky.sk\/wp-content\/uploads\/2021\/10\/IMG_3753-768x1024.jpg\" alt=\"\" data-id=\"207\" data-full-url=\"https:\/\/www.veterinazavodsky.sk\/wp-content\/uploads\/2021\/10\/IMG_3753-scaled.jpg\" data-link=\"https:\/\/www.veterinazavodsky.sk\/?attachment_id=207\" class=\"wp-image-207\" srcset=\"https:\/\/www.veterinazavodsky.sk\/wp-content\/uploads\/2021\/10\/IMG_3753-768x1024.jpg 768w, https:\/\/www.veterinazavodsky.sk\/wp-content\/uploads\/2021\/10\/IMG_3753-225x300.jpg 225w, https:\/\/www.veterinazavodsky.sk\/wp-content\/uploads\/2021\/10\/IMG_3753-1152x1536.jpg 1152w, https:\/\/www.veterinazavodsky.sk\/wp-content\/uploads\/2021\/10\/IMG_3753-1536x2048.jpg 1536w, https:\/\/www.veterinazavodsky.sk\/wp-content\/uploads\/2021\/10\/IMG_3753-scaled.jpg 1920w\" sizes=\"(max-width: 768px) 100vw, 768px\" \/><\/figure><\/li><\/ul><\/figure>\n","protected":false},"excerpt":{"rendered":"","protected":false},"author":1,"featured_media":0,"parent":0,"menu_order":0,"comment_status":"closed","ping_status":"closed","template":"","meta":{"_monsterinsights_skip_tracking":false,"_monsterinsights_sitenote_active":false,"_monsterinsights_sitenote_note":"","_monsterinsights_sitenote_category":0},"yoast_head":"<!-- This site is optimized with the Yoast SEO plugin v17.1 - https:\/\/yoast.com\/wordpress\/plugins\/seo\/ -->\n<title>Gal\u00e9ria - Veterina Z\u00e1vodsk\u00fd<\/title>\n<meta name=\"robots\" content=\"index, follow, max-snippet:-1, max-image-preview:large, max-video-preview:-1\" \/>\n<link rel=\"canonical\" href=\"https:\/\/www.veterinazavodsky.sk\/?page_id=26\" \/>\n<meta property=\"og:locale\" content=\"sk_SK\" \/>\n<meta property=\"og:type\" content=\"article\" \/>\n<meta property=\"og:title\" content=\"Gal\u00e9ria - Veterina Z\u00e1vodsk\u00fd\" \/>\n<meta property=\"og:url\" content=\"https:\/\/www.veterinazavodsky.sk\/?page_id=26\" \/>\n<meta property=\"og:site_name\" content=\"Veterina Z\u00e1vodsk\u00fd\" \/>\n<meta property=\"article:modified_time\" content=\"2021-10-06T15:08:09+00:00\" \/>\n<meta property=\"og:image\" content=\"https:\/\/www.veterinazavodsky.sk\/wp-content\/uploads\/2021\/10\/IMG_4808-768x1024.jpg\" \/>\n<meta name=\"twitter:card\" content=\"summary_large_image\" \/>\n<meta name=\"twitter:label1\" content=\"Predpokladan\u00fd \u010das \u010d\u00edtania\" \/>\n\t<meta name=\"twitter:data1\" content=\"4 min\u00faty\" \/>\n<script type=\"application\/ld+json\" class=\"yoast-schema-graph\">{\"@context\":\"https:\/\/schema.org\",\"@graph\":[{\"@type\":\"WebSite\",\"@id\":\"https:\/\/www.veterinazavodsky.sk\/#website\",\"url\":\"https:\/\/www.veterinazavodsky.sk\/\",\"name\":\"Veterina Z\\u00e1vodsk\\u00fd\",\"description\":\"\",\"potentialAction\":[{\"@type\":\"SearchAction\",\"target\":{\"@type\":\"EntryPoint\",\"urlTemplate\":\"https:\/\/www.veterinazavodsky.sk\/?s={search_term_string}\"},\"query-input\":\"required name=search_term_string\"}],\"inLanguage\":\"sk-SK\"},{\"@type\":\"ImageObject\",\"@id\":\"https:\/\/www.veterinazavodsky.sk\/?page_id=26#primaryimage\",\"inLanguage\":\"sk-SK\",\"url\":\"https:\/\/www.veterinazavodsky.sk\/wp-content\/uploads\/2021\/10\/IMG_4808-scaled.jpg\",\"contentUrl\":\"https:\/\/www.veterinazavodsky.sk\/wp-content\/uploads\/2021\/10\/IMG_4808-scaled.jpg\",\"width\":1920,\"height\":2560},{\"@type\":\"WebPage\",\"@id\":\"https:\/\/www.veterinazavodsky.sk\/?page_id=26#webpage\",\"url\":\"https:\/\/www.veterinazavodsky.sk\/?page_id=26\",\"name\":\"Gal\\u00e9ria - Veterina Z\\u00e1vodsk\\u00fd\",\"isPartOf\":{\"@id\":\"https:\/\/www.veterinazavodsky.sk\/#website\"},\"primaryImageOfPage\":{\"@id\":\"https:\/\/www.veterinazavodsky.sk\/?page_id=26#primaryimage\"},\"datePublished\":\"2021-09-27T18:59:49+00:00\",\"dateModified\":\"2021-10-06T15:08:09+00:00\",\"breadcrumb\":{\"@id\":\"https:\/\/www.veterinazavodsky.sk\/?page_id=26#breadcrumb\"},\"inLanguage\":\"sk-SK\",\"potentialAction\":[{\"@type\":\"ReadAction\",\"target\":[\"https:\/\/www.veterinazavodsky.sk\/?page_id=26\"]}]},{\"@type\":\"BreadcrumbList\",\"@id\":\"https:\/\/www.veterinazavodsky.sk\/?page_id=26#breadcrumb\",\"itemListElement\":[{\"@type\":\"ListItem\",\"position\":1,\"name\":\"Home\",\"item\":\"https:\/\/www.veterinazavodsky.sk\/\"},{\"@type\":\"ListItem\",\"position\":2,\"name\":\"Gal\\u00e9ria\"}]}]}<\/script>\n<!-- \/ Yoast SEO plugin. -->","yoast_head_json":{"title":"Gal\u00e9ria - Veterina Z\u00e1vodsk\u00fd","robots":{"index":"index","follow":"follow","max-snippet":"max-snippet:-1","max-image-preview":"max-image-preview:large","max-video-preview":"max-video-preview:-1"},"canonical":"https:\/\/www.veterinazavodsky.sk\/?page_id=26","og_locale":"sk_SK","og_type":"article","og_title":"Gal\u00e9ria - Veterina Z\u00e1vodsk\u00fd","og_url":"https:\/\/www.veterinazavodsky.sk\/?page_id=26","og_site_name":"Veterina Z\u00e1vodsk\u00fd","article_modified_time":"2021-10-06T15:08:09+00:00","og_image":[{"url":"https:\/\/www.veterinazavodsky.sk\/wp-content\/uploads\/2021\/10\/IMG_4808-768x1024.jpg"}],"twitter_card":"summary_large_image","twitter_misc":{"Predpokladan\u00fd \u010das \u010d\u00edtania":"4 min\u00faty"},"schema":{"@context":"https:\/\/schema.org","@graph":[{"@type":"WebSite","@id":"https:\/\/www.veterinazavodsky.sk\/#website","url":"https:\/\/www.veterinazavodsky.sk\/","name":"Veterina Z\u00e1vodsk\u00fd","description":"","potentialAction":[{"@type":"SearchAction","target":{"@type":"EntryPoint","urlTemplate":"https:\/\/www.veterinazavodsky.sk\/?s={search_term_string}"},"query-input":"required name=search_term_string"}],"inLanguage":"sk-SK"},{"@type":"ImageObject","@id":"https:\/\/www.veterinazavodsky.sk\/?page_id=26#primaryimage","inLanguage":"sk-SK","url":"https:\/\/www.veterinazavodsky.sk\/wp-content\/uploads\/2021\/10\/IMG_4808-scaled.jpg","contentUrl":"https:\/\/www.veterinazavodsky.sk\/wp-content\/uploads\/2021\/10\/IMG_4808-scaled.jpg","width":1920,"height":2560},{"@type":"WebPage","@id":"https:\/\/www.veterinazavodsky.sk\/?page_id=26#webpage","url":"https:\/\/www.veterinazavodsky.sk\/?page_id=26","name":"Gal\u00e9ria - Veterina Z\u00e1vodsk\u00fd","isPartOf":{"@id":"https:\/\/www.veterinazavodsky.sk\/#website"},"primaryImageOfPage":{"@id":"https:\/\/www.veterinazavodsky.sk\/?page_id=26#primaryimage"},"datePublished":"2021-09-27T18:59:49+00:00","dateModified":"2021-10-06T15:08:09+00:00","breadcrumb":{"@id":"https:\/\/www.veterinazavodsky.sk\/?page_id=26#breadcrumb"},"inLanguage":"sk-SK","potentialAction":[{"@type":"ReadAction","target":["https:\/\/www.veterinazavodsky.sk\/?page_id=26"]}]},{"@type":"BreadcrumbList","@id":"https:\/\/www.veterinazavodsky.sk\/?page_id=26#breadcrumb","itemListElement":[{"@type":"ListItem","position":1,"name":"Home","item":"https:\/\/www.veterinazavodsky.sk\/"},{"@type":"ListItem","position":2,"name":"Gal\u00e9ria"}]}]}},"_links":{"self":[{"href":"https:\/\/www.veterinazavodsky.sk\/index.php?rest_route=\/wp\/v2\/pages\/26"}],"collection":[{"href":"https:\/\/www.veterinazavodsky.sk\/index.php?rest_route=\/wp\/v2\/pages"}],"about":[{"href":"https:\/\/www.veterinazavodsky.sk\/index.php?rest_route=\/wp\/v2\/types\/page"}],"author":[{"embeddable":true,"href":"https:\/\/www.veterinazavodsky.sk\/index.php?rest_route=\/wp\/v2\/users\/1"}],"replies":[{"embeddable":true,"href":"https:\/\/www.veterinazavodsky.sk\/index.php?rest_route=%2Fwp%2Fv2%2Fcomments&post=26"}],"version-history":[{"count":6,"href":"https:\/\/www.veterinazavodsky.sk\/index.php?rest_route=\/wp\/v2\/pages\/26\/revisions"}],"predecessor-version":[{"id":227,"href":"https:\/\/www.veterinazavodsky.sk\/index.php?rest_route=\/wp\/v2\/pages\/26\/revisions\/227"}],"wp:attachment":[{"href":"https:\/\/www.veterinazavodsky.sk\/index.php?rest_route=%2Fwp%2Fv2%2Fmedia&parent=26"}],"curies":[{"name":"wp","href":"https:\/\/api.w.org\/{rel}","templated":true}]}}