{"id":20,"date":"2021-09-27T20:58:23","date_gmt":"2021-09-27T18:58:23","guid":{"rendered":"https:\/\/www.veterinazavodsky.sk\/?page_id=20"},"modified":"2021-12-08T13:10:08","modified_gmt":"2021-12-08T12:10:08","slug":"nase-sluzby","status":"publish","type":"page","link":"https:\/\/www.veterinazavodsky.sk\/?page_id=20","title":{"rendered":"Na\u0161e slu\u017eby"},"content":{"rendered":"\n<p>POSKYTUJEME:<\/p>\n\n\n\n<ul><li>Z\u00e1kladn\u00e9 klinick\u00e9 vy\u0161etrenie psov, ma\u010diek, drobn\u00fdch cicavcov a plazov <br><img loading=\"lazy\" width=\"1920\" height=\"2560\" class=\"wp-image-354\" style=\"width: 150px;\" src=\"https:\/\/www.veterinazavodsky.sk\/wp-content\/uploads\/2021\/12\/IMG_3417-scaled.jpg\" alt=\"\" srcset=\"https:\/\/www.veterinazavodsky.sk\/wp-content\/uploads\/2021\/12\/IMG_3417-scaled.jpg 1920w, https:\/\/www.veterinazavodsky.sk\/wp-content\/uploads\/2021\/12\/IMG_3417-225x300.jpg 225w, https:\/\/www.veterinazavodsky.sk\/wp-content\/uploads\/2021\/12\/IMG_3417-768x1024.jpg 768w, https:\/\/www.veterinazavodsky.sk\/wp-content\/uploads\/2021\/12\/IMG_3417-1152x1536.jpg 1152w, https:\/\/www.veterinazavodsky.sk\/wp-content\/uploads\/2021\/12\/IMG_3417-1536x2048.jpg 1536w, https:\/\/www.veterinazavodsky.sk\/wp-content\/uploads\/2021\/12\/IMG_3417-1x1.jpg 1w\" sizes=\"(max-width: 1920px) 100vw, 1920px\" \/><img loading=\"lazy\" width=\"1242\" height=\"1656\" class=\"wp-image-353\" style=\"width: 150px;\" src=\"https:\/\/www.veterinazavodsky.sk\/wp-content\/uploads\/2021\/12\/IMG_3871.jpg\" alt=\"\" srcset=\"https:\/\/www.veterinazavodsky.sk\/wp-content\/uploads\/2021\/12\/IMG_3871.jpg 1242w, https:\/\/www.veterinazavodsky.sk\/wp-content\/uploads\/2021\/12\/IMG_3871-225x300.jpg 225w, https:\/\/www.veterinazavodsky.sk\/wp-content\/uploads\/2021\/12\/IMG_3871-768x1024.jpg 768w, https:\/\/www.veterinazavodsky.sk\/wp-content\/uploads\/2021\/12\/IMG_3871-1152x1536.jpg 1152w, https:\/\/www.veterinazavodsky.sk\/wp-content\/uploads\/2021\/12\/IMG_3871-1x1.jpg 1w\" sizes=\"(max-width: 1242px) 100vw, 1242px\" \/><img loading=\"lazy\" width=\"1920\" height=\"2560\" class=\"wp-image-352\" style=\"width: 150px;\" src=\"https:\/\/www.veterinazavodsky.sk\/wp-content\/uploads\/2021\/12\/IMG_4808-1-scaled.jpg\" alt=\"\" srcset=\"https:\/\/www.veterinazavodsky.sk\/wp-content\/uploads\/2021\/12\/IMG_4808-1-scaled.jpg 1920w, https:\/\/www.veterinazavodsky.sk\/wp-content\/uploads\/2021\/12\/IMG_4808-1-225x300.jpg 225w, https:\/\/www.veterinazavodsky.sk\/wp-content\/uploads\/2021\/12\/IMG_4808-1-768x1024.jpg 768w, https:\/\/www.veterinazavodsky.sk\/wp-content\/uploads\/2021\/12\/IMG_4808-1-1152x1536.jpg 1152w, https:\/\/www.veterinazavodsky.sk\/wp-content\/uploads\/2021\/12\/IMG_4808-1-1536x2048.jpg 1536w, https:\/\/www.veterinazavodsky.sk\/wp-content\/uploads\/2021\/12\/IMG_4808-1-1x1.jpg 1w\" sizes=\"(max-width: 1920px) 100vw, 1920px\" \/><img loading=\"lazy\" width=\"1920\" height=\"2560\" class=\"wp-image-351\" style=\"width: 150px;\" src=\"https:\/\/www.veterinazavodsky.sk\/wp-content\/uploads\/2021\/12\/IMG_4205-scaled.jpg\" alt=\"\" srcset=\"https:\/\/www.veterinazavodsky.sk\/wp-content\/uploads\/2021\/12\/IMG_4205-scaled.jpg 1920w, https:\/\/www.veterinazavodsky.sk\/wp-content\/uploads\/2021\/12\/IMG_4205-225x300.jpg 225w, https:\/\/www.veterinazavodsky.sk\/wp-content\/uploads\/2021\/12\/IMG_4205-768x1024.jpg 768w, https:\/\/www.veterinazavodsky.sk\/wp-content\/uploads\/2021\/12\/IMG_4205-1152x1536.jpg 1152w, https:\/\/www.veterinazavodsky.sk\/wp-content\/uploads\/2021\/12\/IMG_4205-1536x2048.jpg 1536w, https:\/\/www.veterinazavodsky.sk\/wp-content\/uploads\/2021\/12\/IMG_4205-1x1.jpg 1w\" sizes=\"(max-width: 1920px) 100vw, 1920px\" \/><\/li><li>Krvn\u00e9 vy\u0161etrenia- biochemick\u00fd a hematologick\u00fd profil, krvn\u00fd n\u00e1ter <br> <img loading=\"lazy\" width=\"2560\" height=\"1920\" class=\"wp-image-342\" style=\"width: 150px;\" src=\"https:\/\/www.veterinazavodsky.sk\/wp-content\/uploads\/2021\/12\/IMG00103-scaled.jpg\" alt=\"\" srcset=\"https:\/\/www.veterinazavodsky.sk\/wp-content\/uploads\/2021\/12\/IMG00103-scaled.jpg 2560w, https:\/\/www.veterinazavodsky.sk\/wp-content\/uploads\/2021\/12\/IMG00103-300x225.jpg 300w, https:\/\/www.veterinazavodsky.sk\/wp-content\/uploads\/2021\/12\/IMG00103-1024x768.jpg 1024w, https:\/\/www.veterinazavodsky.sk\/wp-content\/uploads\/2021\/12\/IMG00103-768x576.jpg 768w, https:\/\/www.veterinazavodsky.sk\/wp-content\/uploads\/2021\/12\/IMG00103-1536x1152.jpg 1536w, https:\/\/www.veterinazavodsky.sk\/wp-content\/uploads\/2021\/12\/IMG00103-2048x1536.jpg 2048w, https:\/\/www.veterinazavodsky.sk\/wp-content\/uploads\/2021\/12\/IMG00103-1x1.jpg 1w\" sizes=\"(max-width: 2560px) 100vw, 2560px\" \/><img loading=\"lazy\" width=\"2560\" height=\"1920\" class=\"wp-image-343\" style=\"width: 150px;\" src=\"https:\/\/www.veterinazavodsky.sk\/wp-content\/uploads\/2021\/12\/IMG_6374-scaled.jpg\" alt=\"\" srcset=\"https:\/\/www.veterinazavodsky.sk\/wp-content\/uploads\/2021\/12\/IMG_6374-scaled.jpg 2560w, https:\/\/www.veterinazavodsky.sk\/wp-content\/uploads\/2021\/12\/IMG_6374-300x225.jpg 300w, https:\/\/www.veterinazavodsky.sk\/wp-content\/uploads\/2021\/12\/IMG_6374-1024x768.jpg 1024w, https:\/\/www.veterinazavodsky.sk\/wp-content\/uploads\/2021\/12\/IMG_6374-768x576.jpg 768w, https:\/\/www.veterinazavodsky.sk\/wp-content\/uploads\/2021\/12\/IMG_6374-1536x1152.jpg 1536w, https:\/\/www.veterinazavodsky.sk\/wp-content\/uploads\/2021\/12\/IMG_6374-2048x1536.jpg 2048w, https:\/\/www.veterinazavodsky.sk\/wp-content\/uploads\/2021\/12\/IMG_6374-1x1.jpg 1w\" sizes=\"(max-width: 2560px) 100vw, 2560px\" \/><\/li><li>Stanovenie hladiny horm\u00f3nov- T4, kortizol, Progesteron<\/li><li>Vy\u0161etrenie mo\u010du- biochemick\u00e9, cytologick\u00e9, vy\u0161etrenie mo\u010dov\u00e9ho sedimentu<br><img loading=\"lazy\" width=\"2560\" height=\"1920\" class=\"wp-image-344\" style=\"width: 150px;\" src=\"https:\/\/www.veterinazavodsky.sk\/wp-content\/uploads\/2021\/12\/IMG_6375-scaled.jpg\" alt=\"\" srcset=\"https:\/\/www.veterinazavodsky.sk\/wp-content\/uploads\/2021\/12\/IMG_6375-scaled.jpg 2560w, https:\/\/www.veterinazavodsky.sk\/wp-content\/uploads\/2021\/12\/IMG_6375-300x225.jpg 300w, https:\/\/www.veterinazavodsky.sk\/wp-content\/uploads\/2021\/12\/IMG_6375-1024x768.jpg 1024w, https:\/\/www.veterinazavodsky.sk\/wp-content\/uploads\/2021\/12\/IMG_6375-768x576.jpg 768w, https:\/\/www.veterinazavodsky.sk\/wp-content\/uploads\/2021\/12\/IMG_6375-1536x1152.jpg 1536w, https:\/\/www.veterinazavodsky.sk\/wp-content\/uploads\/2021\/12\/IMG_6375-2048x1536.jpg 2048w, https:\/\/www.veterinazavodsky.sk\/wp-content\/uploads\/2021\/12\/IMG_6375-1x1.jpg 1w\" sizes=\"(max-width: 2560px) 100vw, 2560px\" \/><\/li><li>Koprologick\u00e9 vy\u0161etrenie- parazitol\u00f3gia trusu <\/li><li>Cytologick\u00e9 vy\u0161etrenia- neoplazie, z\u00e1paly vonkaj\u0161ieho zvukovodu, vagin\u00e1lna cytol\u00f3gia<br><img loading=\"lazy\" width=\"2560\" height=\"1920\" class=\"wp-image-345\" style=\"width: 150px;\" src=\"https:\/\/www.veterinazavodsky.sk\/wp-content\/uploads\/2021\/12\/IMG00042-scaled.jpg\" alt=\"\" srcset=\"https:\/\/www.veterinazavodsky.sk\/wp-content\/uploads\/2021\/12\/IMG00042-scaled.jpg 2560w, https:\/\/www.veterinazavodsky.sk\/wp-content\/uploads\/2021\/12\/IMG00042-300x225.jpg 300w, https:\/\/www.veterinazavodsky.sk\/wp-content\/uploads\/2021\/12\/IMG00042-1024x768.jpg 1024w, https:\/\/www.veterinazavodsky.sk\/wp-content\/uploads\/2021\/12\/IMG00042-768x576.jpg 768w, https:\/\/www.veterinazavodsky.sk\/wp-content\/uploads\/2021\/12\/IMG00042-1536x1152.jpg 1536w, https:\/\/www.veterinazavodsky.sk\/wp-content\/uploads\/2021\/12\/IMG00042-2048x1536.jpg 2048w, https:\/\/www.veterinazavodsky.sk\/wp-content\/uploads\/2021\/12\/IMG00042-1x1.jpg 1w\" sizes=\"(max-width: 2560px) 100vw, 2560px\" \/><\/li><li>Diagnostika ochoren\u00ed ko\u017ee- ko\u017en\u00fd zo\u0161krab, mikroskopia, kultiv\u00e1cia, DTM- dg. plesn\u00ed<\/li><li>RTG diagnostiku<br><img loading=\"lazy\" width=\"2140\" height=\"1760\" class=\"wp-image-349\" style=\"width: 150px;\" src=\"https:\/\/www.veterinazavodsky.sk\/wp-content\/uploads\/2021\/12\/Caky-hernia0001kopia.jpg\" alt=\"\" srcset=\"https:\/\/www.veterinazavodsky.sk\/wp-content\/uploads\/2021\/12\/Caky-hernia0001kopia.jpg 2140w, https:\/\/www.veterinazavodsky.sk\/wp-content\/uploads\/2021\/12\/Caky-hernia0001kopia-300x247.jpg 300w, https:\/\/www.veterinazavodsky.sk\/wp-content\/uploads\/2021\/12\/Caky-hernia0001kopia-1024x842.jpg 1024w, https:\/\/www.veterinazavodsky.sk\/wp-content\/uploads\/2021\/12\/Caky-hernia0001kopia-768x632.jpg 768w, https:\/\/www.veterinazavodsky.sk\/wp-content\/uploads\/2021\/12\/Caky-hernia0001kopia-1536x1263.jpg 1536w, https:\/\/www.veterinazavodsky.sk\/wp-content\/uploads\/2021\/12\/Caky-hernia0001kopia-2048x1684.jpg 2048w, https:\/\/www.veterinazavodsky.sk\/wp-content\/uploads\/2021\/12\/Caky-hernia0001kopia-1x1.jpg 1w\" sizes=\"(max-width: 2140px) 100vw, 2140px\" \/><\/li><li>USG diagnostiku<br><img loading=\"lazy\" width=\"1707\" height=\"2560\" class=\"wp-image-348\" style=\"width: 150px;\" src=\"https:\/\/www.veterinazavodsky.sk\/wp-content\/uploads\/2021\/12\/DSC_7264-scaled.jpg\" alt=\"\" srcset=\"https:\/\/www.veterinazavodsky.sk\/wp-content\/uploads\/2021\/12\/DSC_7264-scaled.jpg 1707w, https:\/\/www.veterinazavodsky.sk\/wp-content\/uploads\/2021\/12\/DSC_7264-200x300.jpg 200w, https:\/\/www.veterinazavodsky.sk\/wp-content\/uploads\/2021\/12\/DSC_7264-683x1024.jpg 683w, https:\/\/www.veterinazavodsky.sk\/wp-content\/uploads\/2021\/12\/DSC_7264-768x1152.jpg 768w, https:\/\/www.veterinazavodsky.sk\/wp-content\/uploads\/2021\/12\/DSC_7264-1024x1536.jpg 1024w, https:\/\/www.veterinazavodsky.sk\/wp-content\/uploads\/2021\/12\/DSC_7264-1365x2048.jpg 1365w, https:\/\/www.veterinazavodsky.sk\/wp-content\/uploads\/2021\/12\/DSC_7264-1x1.jpg 1w\" sizes=\"(max-width: 1707px) 100vw, 1707px\" \/><\/li><li>Endoskopick\u00e9 vy\u0161etrenie<br><img loading=\"lazy\" width=\"1920\" height=\"2560\" class=\"wp-image-347\" style=\"width: 150px;\" src=\"https:\/\/www.veterinazavodsky.sk\/wp-content\/uploads\/2021\/12\/IMG_6376-scaled.jpg\" alt=\"\" srcset=\"https:\/\/www.veterinazavodsky.sk\/wp-content\/uploads\/2021\/12\/IMG_6376-scaled.jpg 1920w, https:\/\/www.veterinazavodsky.sk\/wp-content\/uploads\/2021\/12\/IMG_6376-225x300.jpg 225w, https:\/\/www.veterinazavodsky.sk\/wp-content\/uploads\/2021\/12\/IMG_6376-768x1024.jpg 768w, https:\/\/www.veterinazavodsky.sk\/wp-content\/uploads\/2021\/12\/IMG_6376-1152x1536.jpg 1152w, https:\/\/www.veterinazavodsky.sk\/wp-content\/uploads\/2021\/12\/IMG_6376-1536x2048.jpg 1536w, https:\/\/www.veterinazavodsky.sk\/wp-content\/uploads\/2021\/12\/IMG_6376-1x1.jpg 1w\" sizes=\"(max-width: 1920px) 100vw, 1920px\" \/><\/li><li>Dent\u00e1lna hygi\u00e9na, extrakcia zubov<br><img loading=\"lazy\" width=\"1920\" height=\"2560\" class=\"wp-image-357\" style=\"width: 150px;\" src=\"https:\/\/www.veterinazavodsky.sk\/wp-content\/uploads\/2021\/12\/IMG_4465-scaled.jpg\" alt=\"\" srcset=\"https:\/\/www.veterinazavodsky.sk\/wp-content\/uploads\/2021\/12\/IMG_4465-scaled.jpg 1920w, https:\/\/www.veterinazavodsky.sk\/wp-content\/uploads\/2021\/12\/IMG_4465-225x300.jpg 225w, https:\/\/www.veterinazavodsky.sk\/wp-content\/uploads\/2021\/12\/IMG_4465-768x1024.jpg 768w, https:\/\/www.veterinazavodsky.sk\/wp-content\/uploads\/2021\/12\/IMG_4465-1152x1536.jpg 1152w, https:\/\/www.veterinazavodsky.sk\/wp-content\/uploads\/2021\/12\/IMG_4465-1536x2048.jpg 1536w, https:\/\/www.veterinazavodsky.sk\/wp-content\/uploads\/2021\/12\/IMG_4465-1x1.jpg 1w\" sizes=\"(max-width: 1920px) 100vw, 1920px\" \/><img loading=\"lazy\" width=\"1920\" height=\"2560\" class=\"wp-image-359\" style=\"width: 150px;\" src=\"https:\/\/www.veterinazavodsky.sk\/wp-content\/uploads\/2021\/12\/IMG_4658-1-scaled.jpg\" alt=\"\" srcset=\"https:\/\/www.veterinazavodsky.sk\/wp-content\/uploads\/2021\/12\/IMG_4658-1-scaled.jpg 1920w, https:\/\/www.veterinazavodsky.sk\/wp-content\/uploads\/2021\/12\/IMG_4658-1-225x300.jpg 225w, https:\/\/www.veterinazavodsky.sk\/wp-content\/uploads\/2021\/12\/IMG_4658-1-768x1024.jpg 768w, https:\/\/www.veterinazavodsky.sk\/wp-content\/uploads\/2021\/12\/IMG_4658-1-1152x1536.jpg 1152w, https:\/\/www.veterinazavodsky.sk\/wp-content\/uploads\/2021\/12\/IMG_4658-1-1536x2048.jpg 1536w, https:\/\/www.veterinazavodsky.sk\/wp-content\/uploads\/2021\/12\/IMG_4658-1-1x1.jpg 1w\" sizes=\"(max-width: 1920px) 100vw, 1920px\" \/><\/li><li>Chirurgick\u00e9 \u00fakony- prevent\u00edvne aj terapeutick\u00e9<br><img loading=\"lazy\" width=\"1920\" height=\"2560\" class=\"wp-image-350\" style=\"width: 150px;\" src=\"https:\/\/www.veterinazavodsky.sk\/wp-content\/uploads\/2021\/12\/IMG_4884-scaled.jpg\" alt=\"\" srcset=\"https:\/\/www.veterinazavodsky.sk\/wp-content\/uploads\/2021\/12\/IMG_4884-scaled.jpg 1920w, https:\/\/www.veterinazavodsky.sk\/wp-content\/uploads\/2021\/12\/IMG_4884-225x300.jpg 225w, https:\/\/www.veterinazavodsky.sk\/wp-content\/uploads\/2021\/12\/IMG_4884-768x1024.jpg 768w, https:\/\/www.veterinazavodsky.sk\/wp-content\/uploads\/2021\/12\/IMG_4884-1152x1536.jpg 1152w, https:\/\/www.veterinazavodsky.sk\/wp-content\/uploads\/2021\/12\/IMG_4884-1536x2048.jpg 1536w, https:\/\/www.veterinazavodsky.sk\/wp-content\/uploads\/2021\/12\/IMG_4884-1x1.jpg 1w\" sizes=\"(max-width: 1920px) 100vw, 1920px\" \/><\/li><\/ul>\n","protected":false},"excerpt":{"rendered":"<p>POSKYTUJEME: Z\u00e1kladn\u00e9 klinick\u00e9 vy\u0161etrenie psov, ma\u010diek, drobn\u00fdch cicavcov a plazov Krvn\u00e9 vy\u0161etrenia- biochemick\u00fd a hematologick\u00fd profil, krvn\u00fd n\u00e1ter Stanovenie hladiny horm\u00f3nov- T4, kortizol, Progesteron Vy\u0161etrenie mo\u010du- biochemick\u00e9, cytologick\u00e9, vy\u0161etrenie mo\u010dov\u00e9ho sedimentu Koprologick\u00e9 vy\u0161etrenie- parazitol\u00f3gia trusu Cytologick\u00e9 vy\u0161etrenia- neoplazie, z\u00e1paly vonkaj\u0161ieho zvukovodu, vagin\u00e1lna cytol\u00f3gia Diagnostika ochoren\u00ed ko\u017ee- ko\u017en\u00fd zo\u0161krab, mikroskopia, kultiv\u00e1cia, DTM- dg. plesn\u00ed RTG diagnostiku [&hellip;]<\/p>\n","protected":false},"author":1,"featured_media":0,"parent":0,"menu_order":0,"comment_status":"closed","ping_status":"closed","template":"","meta":{"_monsterinsights_skip_tracking":false,"_monsterinsights_sitenote_active":false,"_monsterinsights_sitenote_note":"","_monsterinsights_sitenote_category":0},"yoast_head":"<!-- This site is optimized with the Yoast SEO plugin v17.1 - https:\/\/yoast.com\/wordpress\/plugins\/seo\/ -->\n<title>Na\u0161e slu\u017eby - Veterina Z\u00e1vodsk\u00fd<\/title>\n<meta name=\"robots\" content=\"index, follow, max-snippet:-1, max-image-preview:large, max-video-preview:-1\" \/>\n<link rel=\"canonical\" href=\"https:\/\/www.veterinazavodsky.sk\/?page_id=20\" \/>\n<meta property=\"og:locale\" content=\"sk_SK\" \/>\n<meta property=\"og:type\" content=\"article\" \/>\n<meta property=\"og:title\" content=\"Na\u0161e slu\u017eby - Veterina Z\u00e1vodsk\u00fd\" \/>\n<meta property=\"og:description\" content=\"POSKYTUJEME: Z\u00e1kladn\u00e9 klinick\u00e9 vy\u0161etrenie psov, ma\u010diek, drobn\u00fdch cicavcov a plazov Krvn\u00e9 vy\u0161etrenia- biochemick\u00fd a hematologick\u00fd profil, krvn\u00fd n\u00e1ter Stanovenie hladiny horm\u00f3nov- T4, kortizol, Progesteron Vy\u0161etrenie mo\u010du- biochemick\u00e9, cytologick\u00e9, vy\u0161etrenie mo\u010dov\u00e9ho sedimentu Koprologick\u00e9 vy\u0161etrenie- parazitol\u00f3gia trusu Cytologick\u00e9 vy\u0161etrenia- neoplazie, z\u00e1paly vonkaj\u0161ieho zvukovodu, vagin\u00e1lna cytol\u00f3gia Diagnostika ochoren\u00ed ko\u017ee- ko\u017en\u00fd zo\u0161krab, mikroskopia, kultiv\u00e1cia, DTM- dg. plesn\u00ed RTG diagnostiku [&hellip;]\" \/>\n<meta property=\"og:url\" content=\"https:\/\/www.veterinazavodsky.sk\/?page_id=20\" \/>\n<meta property=\"og:site_name\" content=\"Veterina Z\u00e1vodsk\u00fd\" \/>\n<meta property=\"article:modified_time\" content=\"2021-12-08T12:10:08+00:00\" \/>\n<meta property=\"og:image\" content=\"https:\/\/www.veterinazavodsky.sk\/wp-content\/uploads\/2021\/12\/IMG_3417-scaled.jpg\" \/>\n<meta name=\"twitter:card\" content=\"summary_large_image\" \/>\n<meta name=\"twitter:label1\" content=\"Predpokladan\u00fd \u010das \u010d\u00edtania\" \/>\n\t<meta name=\"twitter:data1\" content=\"4 min\u00faty\" \/>\n<script type=\"application\/ld+json\" class=\"yoast-schema-graph\">{\"@context\":\"https:\/\/schema.org\",\"@graph\":[{\"@type\":\"WebSite\",\"@id\":\"https:\/\/www.veterinazavodsky.sk\/#website\",\"url\":\"https:\/\/www.veterinazavodsky.sk\/\",\"name\":\"Veterina Z\\u00e1vodsk\\u00fd\",\"description\":\"\",\"potentialAction\":[{\"@type\":\"SearchAction\",\"target\":{\"@type\":\"EntryPoint\",\"urlTemplate\":\"https:\/\/www.veterinazavodsky.sk\/?s={search_term_string}\"},\"query-input\":\"required name=search_term_string\"}],\"inLanguage\":\"sk-SK\"},{\"@type\":\"ImageObject\",\"@id\":\"https:\/\/www.veterinazavodsky.sk\/?page_id=20#primaryimage\",\"inLanguage\":\"sk-SK\",\"url\":\"https:\/\/www.veterinazavodsky.sk\/wp-content\/uploads\/2021\/12\/IMG_3417-scaled.jpg\",\"contentUrl\":\"https:\/\/www.veterinazavodsky.sk\/wp-content\/uploads\/2021\/12\/IMG_3417-scaled.jpg\",\"width\":1920,\"height\":2560},{\"@type\":\"WebPage\",\"@id\":\"https:\/\/www.veterinazavodsky.sk\/?page_id=20#webpage\",\"url\":\"https:\/\/www.veterinazavodsky.sk\/?page_id=20\",\"name\":\"Na\\u0161e slu\\u017eby - Veterina Z\\u00e1vodsk\\u00fd\",\"isPartOf\":{\"@id\":\"https:\/\/www.veterinazavodsky.sk\/#website\"},\"primaryImageOfPage\":{\"@id\":\"https:\/\/www.veterinazavodsky.sk\/?page_id=20#primaryimage\"},\"datePublished\":\"2021-09-27T18:58:23+00:00\",\"dateModified\":\"2021-12-08T12:10:08+00:00\",\"breadcrumb\":{\"@id\":\"https:\/\/www.veterinazavodsky.sk\/?page_id=20#breadcrumb\"},\"inLanguage\":\"sk-SK\",\"potentialAction\":[{\"@type\":\"ReadAction\",\"target\":[\"https:\/\/www.veterinazavodsky.sk\/?page_id=20\"]}]},{\"@type\":\"BreadcrumbList\",\"@id\":\"https:\/\/www.veterinazavodsky.sk\/?page_id=20#breadcrumb\",\"itemListElement\":[{\"@type\":\"ListItem\",\"position\":1,\"name\":\"Home\",\"item\":\"https:\/\/www.veterinazavodsky.sk\/\"},{\"@type\":\"ListItem\",\"position\":2,\"name\":\"Na\\u0161e slu\\u017eby\"}]}]}<\/script>\n<!-- \/ Yoast SEO plugin. -->","yoast_head_json":{"title":"Na\u0161e slu\u017eby - Veterina Z\u00e1vodsk\u00fd","robots":{"index":"index","follow":"follow","max-snippet":"max-snippet:-1","max-image-preview":"max-image-preview:large","max-video-preview":"max-video-preview:-1"},"canonical":"https:\/\/www.veterinazavodsky.sk\/?page_id=20","og_locale":"sk_SK","og_type":"article","og_title":"Na\u0161e slu\u017eby - Veterina Z\u00e1vodsk\u00fd","og_description":"POSKYTUJEME: Z\u00e1kladn\u00e9 klinick\u00e9 vy\u0161etrenie psov, ma\u010diek, drobn\u00fdch cicavcov a plazov Krvn\u00e9 vy\u0161etrenia- biochemick\u00fd a hematologick\u00fd profil, krvn\u00fd n\u00e1ter Stanovenie hladiny horm\u00f3nov- T4, kortizol, Progesteron Vy\u0161etrenie mo\u010du- biochemick\u00e9, cytologick\u00e9, vy\u0161etrenie mo\u010dov\u00e9ho sedimentu Koprologick\u00e9 vy\u0161etrenie- parazitol\u00f3gia trusu Cytologick\u00e9 vy\u0161etrenia- neoplazie, z\u00e1paly vonkaj\u0161ieho zvukovodu, vagin\u00e1lna cytol\u00f3gia Diagnostika ochoren\u00ed ko\u017ee- ko\u017en\u00fd zo\u0161krab, mikroskopia, kultiv\u00e1cia, DTM- dg. plesn\u00ed RTG diagnostiku [&hellip;]","og_url":"https:\/\/www.veterinazavodsky.sk\/?page_id=20","og_site_name":"Veterina Z\u00e1vodsk\u00fd","article_modified_time":"2021-12-08T12:10:08+00:00","og_image":[{"url":"https:\/\/www.veterinazavodsky.sk\/wp-content\/uploads\/2021\/12\/IMG_3417-scaled.jpg"}],"twitter_card":"summary_large_image","twitter_misc":{"Predpokladan\u00fd \u010das \u010d\u00edtania":"4 min\u00faty"},"schema":{"@context":"https:\/\/schema.org","@graph":[{"@type":"WebSite","@id":"https:\/\/www.veterinazavodsky.sk\/#website","url":"https:\/\/www.veterinazavodsky.sk\/","name":"Veterina Z\u00e1vodsk\u00fd","description":"","potentialAction":[{"@type":"SearchAction","target":{"@type":"EntryPoint","urlTemplate":"https:\/\/www.veterinazavodsky.sk\/?s={search_term_string}"},"query-input":"required name=search_term_string"}],"inLanguage":"sk-SK"},{"@type":"ImageObject","@id":"https:\/\/www.veterinazavodsky.sk\/?page_id=20#primaryimage","inLanguage":"sk-SK","url":"https:\/\/www.veterinazavodsky.sk\/wp-content\/uploads\/2021\/12\/IMG_3417-scaled.jpg","contentUrl":"https:\/\/www.veterinazavodsky.sk\/wp-content\/uploads\/2021\/12\/IMG_3417-scaled.jpg","width":1920,"height":2560},{"@type":"WebPage","@id":"https:\/\/www.veterinazavodsky.sk\/?page_id=20#webpage","url":"https:\/\/www.veterinazavodsky.sk\/?page_id=20","name":"Na\u0161e slu\u017eby - Veterina Z\u00e1vodsk\u00fd","isPartOf":{"@id":"https:\/\/www.veterinazavodsky.sk\/#website"},"primaryImageOfPage":{"@id":"https:\/\/www.veterinazavodsky.sk\/?page_id=20#primaryimage"},"datePublished":"2021-09-27T18:58:23+00:00","dateModified":"2021-12-08T12:10:08+00:00","breadcrumb":{"@id":"https:\/\/www.veterinazavodsky.sk\/?page_id=20#breadcrumb"},"inLanguage":"sk-SK","potentialAction":[{"@type":"ReadAction","target":["https:\/\/www.veterinazavodsky.sk\/?page_id=20"]}]},{"@type":"BreadcrumbList","@id":"https:\/\/www.veterinazavodsky.sk\/?page_id=20#breadcrumb","itemListElement":[{"@type":"ListItem","position":1,"name":"Home","item":"https:\/\/www.veterinazavodsky.sk\/"},{"@type":"ListItem","position":2,"name":"Na\u0161e slu\u017eby"}]}]}},"_links":{"self":[{"href":"https:\/\/www.veterinazavodsky.sk\/index.php?rest_route=\/wp\/v2\/pages\/20"}],"collection":[{"href":"https:\/\/www.veterinazavodsky.sk\/index.php?rest_route=\/wp\/v2\/pages"}],"about":[{"href":"https:\/\/www.veterinazavodsky.sk\/index.php?rest_route=\/wp\/v2\/types\/page"}],"author":[{"embeddable":true,"href":"https:\/\/www.veterinazavodsky.sk\/index.php?rest_route=\/wp\/v2\/users\/1"}],"replies":[{"embeddable":true,"href":"https:\/\/www.veterinazavodsky.sk\/index.php?rest_route=%2Fwp%2Fv2%2Fcomments&post=20"}],"version-history":[{"count":5,"href":"https:\/\/www.veterinazavodsky.sk\/index.php?rest_route=\/wp\/v2\/pages\/20\/revisions"}],"predecessor-version":[{"id":360,"href":"https:\/\/www.veterinazavodsky.sk\/index.php?rest_route=\/wp\/v2\/pages\/20\/revisions\/360"}],"wp:attachment":[{"href":"https:\/\/www.veterinazavodsky.sk\/index.php?rest_route=%2Fwp%2Fv2%2Fmedia&parent=20"}],"curies":[{"name":"wp","href":"https:\/\/api.w.org\/{rel}","templated":true}]}}